{"id":27,"date":"2022-07-19T19:02:16","date_gmt":"2022-07-19T17:02:16","guid":{"rendered":"http:\/\/www.claire-chaouat-ceramique.com\/?page_id=27"},"modified":"2026-03-13T15:39:02","modified_gmt":"2026-03-13T14:39:02","slug":"agenda","status":"publish","type":"page","link":"https:\/\/www.claire-chaouat-ceramique.com\/index.php\/agenda\/","title":{"rendered":"Agenda et lieux d&rsquo;exposition 2026"},"content":{"rendered":"\n<div class=\"wp-block-jetpack-tiled-gallery aligncenter is-style-rectangular\"><div class=\"\"><div class=\"tiled-gallery__gallery\"><div class=\"tiled-gallery__row\"><div class=\"tiled-gallery__col\" style=\"flex-basis:100.00000%\"><figure class=\"tiled-gallery__item\"><img decoding=\"async\" srcset=\"https:\/\/i0.wp.com\/www.claire-chaouat-ceramique.com\/wp-content\/uploads\/2026\/02\/Chaouat-stand-reduit-1024x443.jpg?strip=info&#038;w=600&#038;ssl=1 600w,https:\/\/i0.wp.com\/www.claire-chaouat-ceramique.com\/wp-content\/uploads\/2026\/02\/Chaouat-stand-reduit-1024x443.jpg?strip=info&#038;w=900&#038;ssl=1 900w,https:\/\/i0.wp.com\/www.claire-chaouat-ceramique.com\/wp-content\/uploads\/2026\/02\/Chaouat-stand-reduit-1024x443.jpg?strip=info&#038;w=1200&#038;ssl=1 1200w,https:\/\/i0.wp.com\/www.claire-chaouat-ceramique.com\/wp-content\/uploads\/2026\/02\/Chaouat-stand-reduit-1024x443.jpg?strip=info&#038;w=1500&#038;ssl=1 1500w,https:\/\/i0.wp.com\/www.claire-chaouat-ceramique.com\/wp-content\/uploads\/2026\/02\/Chaouat-stand-reduit-1024x443.jpg?strip=info&#038;w=1800&#038;ssl=1 1800w,https:\/\/i0.wp.com\/www.claire-chaouat-ceramique.com\/wp-content\/uploads\/2026\/02\/Chaouat-stand-reduit-1024x443.jpg?strip=info&#038;w=2000&#038;ssl=1 2000w\" alt=\"\" data-height=\"1109\" data-id=\"198\" data-link=\"https:\/\/www.claire-chaouat-ceramique.com\/index.php\/agenda\/chaouat-stand-reduit\/\" data-url=\"https:\/\/www.claire-chaouat-ceramique.com\/wp-content\/uploads\/2026\/02\/Chaouat-stand-reduit-1024x443.jpg\" data-width=\"2560\" src=\"https:\/\/i0.wp.com\/www.claire-chaouat-ceramique.com\/wp-content\/uploads\/2026\/02\/Chaouat-stand-reduit-1024x443.jpg?ssl=1\" data-amp-layout=\"responsive\"\/><\/figure><\/div><\/div><\/div><\/div><\/div>\n\n\n\n<h2 class=\"wp-block-heading\">Expositions, salons et march\u00e9s<\/h2>\n\n\n\n<ul class=\"wp-block-list\">\n<li>Du 9 au 11 avril, Journ\u00e9e europ\u00e9enne des m\u00e9tiers d&rsquo;art, D\u00e9monstration au\u00a0\u00bbtour\u00a0\u00bb de la terre, 3 rue de la parerie, Narbonne<\/li>\n\n\n\n<li>Du 13 au 20 avril, Galerie Hemera, 55 rue du Taur, Toulouse<\/li>\n\n\n\n<li>Du 7 au 8 mai, Tallents de femmes, Narbonne<\/li>\n\n\n\n<li>Du 20 au 21 juin, March\u00e9 de potiers, Martres Tolosane<\/li>\n\n\n\n<li>Du 17 au 18 juillet, March\u00e9 de potiers, Narbonne<\/li>\n\n\n\n<li>Du 14 au 21 septembre, Galerie Hemera, 55 rue du Taur, Toulouse<\/li>\n\n\n\n<li>Du 3 au 4 octobre, march\u00e9 de potiers, Hall aux grains, Castelnaudary<\/li>\n<\/ul>\n\n\n\n<h2 class=\"wp-block-heading\">Boutiques permanentes<\/h2>\n\n\n\n<ul class=\"wp-block-list\">\n<li>Claire Chaouat C\u00e9ramique Atelier et boutique, 3 rue de la Parerie, Narbonne<\/li>\n\n\n\n<li>Galerie Gaama, <a href=\"https:\/\/www.google.com\/maps\/place\/\/data=!4m2!3m1!1s0x12aa6ba14c43e6b9:0x792c571ab91544f5?sa=X&amp;ved=1t:8290&amp;ictx=111\">1 Rue du Moulin des Tours, 47600 N\u00e9rac<\/a><\/li>\n\n\n\n<li>Les saisons des th\u00e9s, 16 rue Cujas, Toulouse<\/li>\n\n\n\n<li>Pop Cr\u00e9a, 36 rue du Taur, Toulouse<\/li>\n<\/ul>\n\n\n\n<h2 class=\"wp-block-heading\">Atelier cuisson<\/h2>\n\n\n\n<p>60 av St Marc, Ornaisons<br>Accueil sur rendez-vous<\/p>\n","protected":false},"excerpt":{"rendered":"<p>Expositions, salons et march\u00e9s Boutiques permanentes Atelier cuisson 60 av St Marc, OrnaisonsAccueil sur rendez-vous<\/p>\n","protected":false},"author":1,"featured_media":0,"parent":0,"menu_order":0,"comment_status":"closed","ping_status":"closed","template":"","meta":{"footnotes":""},"class_list":["post-27","page","type-page","status-publish","hentry"],"jetpack_sharing_enabled":true,"_links":{"self":[{"href":"https:\/\/www.claire-chaouat-ceramique.com\/index.php\/wp-json\/wp\/v2\/pages\/27","targetHints":{"allow":["GET"]}}],"collection":[{"href":"https:\/\/www.claire-chaouat-ceramique.com\/index.php\/wp-json\/wp\/v2\/pages"}],"about":[{"href":"https:\/\/www.claire-chaouat-ceramique.com\/index.php\/wp-json\/wp\/v2\/types\/page"}],"author":[{"embeddable":true,"href":"https:\/\/www.claire-chaouat-ceramique.com\/index.php\/wp-json\/wp\/v2\/users\/1"}],"replies":[{"embeddable":true,"href":"https:\/\/www.claire-chaouat-ceramique.com\/index.php\/wp-json\/wp\/v2\/comments?post=27"}],"version-history":[{"count":13,"href":"https:\/\/www.claire-chaouat-ceramique.com\/index.php\/wp-json\/wp\/v2\/pages\/27\/revisions"}],"predecessor-version":[{"id":201,"href":"https:\/\/www.claire-chaouat-ceramique.com\/index.php\/wp-json\/wp\/v2\/pages\/27\/revisions\/201"}],"wp:attachment":[{"href":"https:\/\/www.claire-chaouat-ceramique.com\/index.php\/wp-json\/wp\/v2\/media?parent=27"}],"curies":[{"name":"wp","href":"https:\/\/api.w.org\/{rel}","templated":true}]}}